- 1) - (-23 + (27 - 10))
12
Evaluate (-2 + -4 - (160 - 143)) + -25.
-48
-13 + (3 - -2) + 79 - 22
49
6 - (91 + 16 + -36)
-65
Calculate (2 - -4) + (-38 - (5 - -6)) + -26.
-69
-28 + (0 + 38 - 27)
-17
What is -27 - (16 - (-28 + 120 + 6))?
55
What is -28788 - -28798 - (-1 + 0 - -25)?
-14
Evaluate 103 + (14 - (6 + 25)) + 4 + (-12 - -10).
88
Evaluate 101 + (0 - 2) - (24 - (-6 + 33 + -10)).
92
Calculate (-19 - -61) + -13 + -46.
-17
Evaluate 3 + 3 + -38 + (-8 - (-5 - 6)).
-29
6 + -13 + 36 + -71 + 84
42
What is the value of 32 + -36 + 3 + 8 - (-1 - 53) - -1?
62
What is (11 - 0 - (-8 + 67 - 62)) + -34?
-20
Evaluate 10 - -19 - (-1 + -1 + (5 - 4 - -7)).
23
Evaluate 11 - (-10 - -9 - 8 - 8).
28
Evaluate -2 + -69 + (-2 - 57 - (-319 - -278)).
-89
-2 + 35 - ((-73 - 60) + 122)
44
-1 + -8 + (-19 + 1 - -25 - 4) + 54
48
What is the value of 108 + -87 + (-2 - -7) + 115 + -13?
128
-7 + (-14 - (23 - 67)) - 8
15
What is -1 - (-17 - (-4 - 10 - (-2 - 0))) - -34?
38
What is 54 + (34 - -14) + -62?
40
(-1 - 35) + (2013 - 1970)
7
What is (1 + 10 + 37 - (8 - 6)) + 11?
57
72 + (50 + 31 - 85)
68
Calculate -28 + (1388 - 1413 - (-6 + 1)).
-48
(-15 + (8 - 5) - -12) + -8 + 13 + 105
110
What is -5 + (16 - -4) - (-40 + 19 - -8)?
28
Calculate 10 + (21 - 13) + -18 + 21.
21
What is the value of -4 + 66 + (-1275 - -1232)?
19
What is ((-6 - 5) + 6 - -3 - 40) + (-169 - -157)?
-54
(1036 - 1012) + -109 + 1 + (1 - 0)
-83
What is the value of -20 - (455 + -466 - (-5 + 1))?
-13
17 + -211 - -104 - (8 + -1 + 2 + -4)
-95
What is (386 + -448 - 23) + (-1 + 2 - -12)?
-72
What is the value of (7 + -6 - 72) + -22 - (-1 - -4)?
-96
Evaluate 3 - -9 - (8 + -10 + 27 + 118).
-131
Calculate 0 - 0 - -4 - -4 - (-24 - (-95 + 156)).
93
Calculate (25 + -23 - -21) + 36 + -23.
36
Evaluate 1 + -58 + 982 + -961.
-36
What is -83 + 0 + -1 + (7315 - 7292)?
-61
What is 0 + (-3 - (-1 - -2)) - 2 - (-437 - -382)?
49
Evaluate -5 + -56 - -105 - (-13 - -6).
51
Evaluate (32 + 4 + -32 - (2 - -4) - -9) + -30.
-23
Evaluate (138 - 76) + 24 - (0 + (-1 - (-9 - -5))).
83
Evaluate -21 + 23 + (-716 - -690).
-24
What is the value of (40 + 29 - 55) + 50?
64
Calculate 184 - (191 + -2 + -78).
73
Calculate (96 - 0) + (-6951 - -6806).
-49
What is the value of ((-18 - 13) + 30 - -20) + 42?
61
Calculate 87 + -29 + -122 + 14 + 1.
-49
Calculate (5 - (-2 - -33)) + -58 + (0 - -5) - 4.
-83
Calculate 37 - ((33 - (11 - -6)) + -4).
25
Calculate 16 + (-1 + -39 - (-137 + 137)).
-24
What is -100 + 138 - (-11 + 9 + -2)?
42
What is the value of 11 + (-8 + (-1 + -2 - -1) - -10)?
11
Evaluate (95 - -2 - (4 + -10)) + (-56 - -106) + -36.
117
What is (1 - -3 - 7) + (111 - 95)?
13
What is 6 - -10 - (-19 - (-8 - 13) - -3)?
11
What is 5 + -3 + 14 - (-398 + 410)?
4
Evaluate -12 - (-48 - (-20 - -30 - 7)).
39
Evaluate 4 - -10 - (286 - 251).
-21
Calculate 180 - 32 - (-25 + 202).
-29
What is the value of 400 + -343 - (123 - 5)?
-61
What is 5 + -4 + (18 + -11 - (-7 + 5 + -4))?
14
(-50 - 35 - -19) + 18
-48
What is the value of (-1 - -4) + -60 + 60?
3
3 + 0 + 29 - -14
46
What is the value of -70 - (38 - 92 - -37)?
-53
What is the value of 15 + (-25 + (4 - -7) - -3) - -8?
12
What is -15 - (11 + 27 + -2) - -5?
-46
Evaluate 2 + 140 + -28 + -17.
97
What is the value of -7 + (32 - 28) + (1 - 2) + 0?
-4
What is -116 - -21 - (28 - (-2 - -34))?
-91
What is 3381 - 3577 - (-1 + -105)?
-90
(-18 - -35) + (142 - 143) + (-1 - 4) - -130
141
What is -12 - (-2 - (8 + 5)) - (1 - -50)?
-48
Calculate 149 + -130 - (0 - (1 - -5) - 3).
28
What is the value of 13 - -1 - (-11 + 3 + (8 - (-3 - 56)))?
-45
Evaluate -52 + -9 + 14 + (4 - (3 + 1)) + 8.
-39
3 - (-23 + 37 + -7 + -14)
10
What is -26 - 1 - (35 - (62 + -18))?
-18
Evaluate (-44 - 12) + 61 - 35.
-30
Evaluate (-47 - -40) + -22 + 44 - (-1 + 96).
-80
Evaluate -2 - (0 + 9) - (-10 + (-34 - -13)).
20
Calculate 5 - (1 + -2 + (6 - (-4 + 19))).
15
-123 + (-16 - -7) + -7 + 30
-109
What is the value of -75 + 133 + -135 - -23?
-54
(-5 - -16) + (24 + -4 - -18)
49
Evaluate 137 + -157 - (-26 - -2) - (12 - 2).
-6
What is -8 + 12 + -6 + -6 + (-12 - -9 - -34)?
23
Evaluate -19 - (-6 - -37) - (-38 - -23).
-35
(-11 - (0 + 8 + -5)) + 17 + 5
8
(10 + 0 - -89 - -22 - 9) + -1
111
-44 + 35 + (-15 - -9 - -26) + 52
63
What is the value of 4 + 4 + -11 - (-6 + 5 + -13 + 4)?
7
Evaluate (40 - (141 - 61)) + 7.
-33
Evaluate 74 + -143 + 58 + 74 + (-3 - -3) + -2.
61
-71 + (5 - (8 - (3 + 15))) - -18
-38
22 + -52 + 28 - -5 - (22 - -3)
-22
Evaluate 1242 - 1285 - (-1 + 19).
-61
What is the value of -7 + 5 + (221 - 213 - (1 + -6))?
11
What is -64 - -49 - (-11 - (-18 - -12))?
-10
Evaluate 0 + -69 + -104 + 55 + 81.
-37
What is -17 - -22 - 1 - (3 + -11) - -22?
34
Calculate 2 + 10 + (-24 - -35) + (-81 - -2).
-56
134 + 1 - (1 - -4) - (144 - 150)
136
10 + -7 - (3 - 14) - (-29 + (7 - -10))
26
What is -11 + 21 + -5 + (1 - 3) - 125 - -9?
-113
Calculate (-11 - (8 + -15) - 5 - -62) + 10.
63
-69 - (26 + -47 - -41 - 23)
-66
What is (73 - (54 + -27 + 3)) + 11?
54
Evaluate -2 - (-117 + 126 - (2 + 0) - 13) - -106.
110
Evaluate 70 + -93 + (10 - 0) - (8 - (2 - -92)).
73
Calculate -20 + -40 + 76 + (4 - 24).
-4
What is ((3 - -13) + -95 + 67 - -13) + 11?
12
What is 370 + -476 - (-80 - -2)?
-28
-2 + 16 + 1 + 53 + -26 + (35 - 59)
18
Evaluate -76 + (2 + (8 - ((-10 - -12) + 3)) - 12).
-83
Calculate (10 - (10 + 22)) + 2 - 16.
-36
What is the value of 91 - (4 + 30 + -25 + -16 + 0)?
98
What is the value of 12 + 75 + (-7 - (-14 - (-11 - -2)))?
85
7429 - 7423 - (21 + -1)
-14
Calculate 153 - -29 - (426 - 331).
87
What is the value of (43 - 19) + (-63 - -22)?
-17
What is the value of -31 + 1 + (211 - 134) - (1 + 11)?
35
What is the value of -39 + -3 + 0 + (-6 - (-8 + 7 + -8))?
-39
What is the value of 2 - (0 - -7) - (468 - 444)?
-29
Evaluate 126 + -119 + 1 + -1 + (-91 - -23).
-61
-7 + -53 + 96 - 83
-47
What is 57 + -35 + -10 + -31?
-19
Evaluate -18 + 19 - (-11 + 9 + -9 - 2).
14
What is the value of 2 + (-2 - 2) + (44 - -4) + (-15 - 5)?
26
Evaluate -29 + 23 + -43 - 7.
-56
-5 + (83 - 57) + -2 + -18
1
Evaluate -7 - (-6 + (32 - 17) - -11).
-27
Evaluate 6 + (14 - (1 - -13)) + -13 - -23.
16
What is 25 + 36 - 24 - 2?
35
Evaluate -44 + -27 + 12 - 72.
-131
What is the value of (-66 - (86 + -32)) + 172?
52
Calculate -9 - (14 + -9 + 4) - 17.
-35
What is -1 + (-14 - (0 + -23)) + -46 + 0?
-38
-8 - (10 + -11 + 9 + -16) - -8 - -87
95
Calculate -59 + 3 - (34 + (-84 - -17)).
-23
What is -133 + 20 - -18 - -62?
-33
Evaluate ((-7 - -46) + -41 - (16 - -5)) + 1 + -16.
-38
What is the value of 152 - 121 - (6 + 142) - (-11 - 1)?
-105
What is the value of (-5523 - -5574) + -109 + -1?
-59
(2 - (0 - 12)) + (-165 + 132 - -53)
34
Calculate (2 - -13) + -3 + 20 + (39 - 54).
17
Evaluate 23 + 0 + (-47 - -9) + 51.
36
-13 - (8 + -17 + -12 + 15)
-7
What is 9 + 0 + 0 - (-13390 - -13323)?
76
What is the value of -7 + 1 + 0 + 10 - (-62 - (-29 + 17))?
54
((-1 - 25) + 42 - (11 + -2)) + -79
-72
Evaluate (72 - 97 - -15) + (2 - -7) + 2 - -18.
19
What is 19 + -2 + (-100 - (-107 + 30))?
-6
(4 - (22 + -5)) + (6 - -1) - 7
-13
Evaluate 85 + -1 + 1 - (-100 + 138 + -107 + 66).
88
What is the value of (-38 - 13) + 40 - 5?
-16
Calculate 9 + (-9 - 0) + 9 + 8 + -10.
7
24 - (9 - -125 - 82)
-28
Evaluate -14 + 2 + (4 - -9 - -74) + 18.
93
Evaluate -10 - -29 - ((-8 - -7) + -2) - -14.
36
(5 - -41) + -13 + -90
-57
Calculate -73 - (-68 + (5 - 7)).
-3
What is the value of -47 + (-64 - (-87 + 11)) + (1 - 2 - -1)?
-35
What is (0 - 2 - (-8 + 1)) + (278 - 266)?
17
(0 + 14 - (-446 + 474)) + -17
-31
What is (2 - ((10 - 10) + -15 - -21)) + 13?
9
What is the value of -10 - -2 - (2423 - 2483)?
52
Calculate 41 + 5 + -2 + -16 + 12.
40
Evaluate -24 - -64 - 48 - (4 - (0 + -109)).
-121
-34 - 1 - (-428 + 349)
44
What is the value of -27 - ((51 - 37) + -27) - -46?
32
What is -9 - (-69 + 114 + -53 - (-15 + 1))?
-15
1 + 45 - (250 - (-161 + 375))
10
What is (-6 - -1) + 7 - (0 + (-18 - -5))?
15
Calculate (7 - 20) + 21 + -21 - -3.
-10
Calculate 0 + (4 - 23) + (-7 - 53) + -4.
-83
Calculate (23 - 32 - -10 - 6) + -27.
-32
What is the value of -59 - (11 + 9 + -31) - (2 + -9)?
-41
What is -288 + 284 + ((-5 - -12) + -6 - 15)?
-18
What is -123 - ((-6 - 0) + (53 - (-8 + 46)) - -1)?
-133
-10 - (-8 + (-57 + 71 - (-2 + 10)))
-8
Calculate -5 - -1 - (162 + (15 - 131)).
-50
What is the value of (-5 - (-5 - 3) 